e c(-8). Let j = v - 3. Suppose -j*m + 1037 - 25 = 0. Is m a prime number?
False
Let i(t) = 1 + 5 - 2 - 4*t. Let d be i(3). Is (-1407)/(-56) - (-1)/d composite?
True
Suppose -23706 = 3*c - 30*c. Is c a composite number?
True
Suppose -2*t + 33 = -4*r + 311, 0 = -3*t + 3. Suppose -5*p + r = -2*h - 1253, 2*p = h + 530. Is p prime?
True
Let f(m) = -473*m + 71. Is f(-10) prime?
True
Suppose 4*m = -3*b + 2 + 9, 5*m + 5 = 0. Suppose 0*r - r - b*o + 199 = 0, 3*r - 553 = -4*o. Is r composite?
False
Let i(y) = 353*y - 45. Is i(8) prime?
False
Let s be (-54)/(-10) - ((-12)/(-30) - 0). Suppose -3*q + 4*a - 421 + 2003 = 0, -s*q - 5*a = -2625. Is q a prime number?
False
Is 75099/7 + (-16)/(-28) prime?
True
Let g(m) = m**2 + 12*m - 12. Let w(z) = z. Let l(t) = -g(t) + 6*w(t). Let a be l(-7). Suppose -5*n - 38 = -b, 5*n - 294 = -a*b + 4*n. Is b a composite number?
True
Let y(f) = f**3 + 10*f**2 + 11*f + 21. Let d be y(-9). Suppose d*a + 2060 = 7*a. Is a a composite number?
True
Suppose -4*q + 5*o + 792 = 0, -5*q + 4*q + 5*o = -198. Suppose 0 = 5*d + s - 1009, d + s = -3*s + q. Is d a composite number?
True
Let j(a) = -a**3 - a + 445. Suppose y = 2*y. Is j(y) composite?
True
Let q(r) = -3*r**2 + 2*r + 1. Let x be q(3). Let b = 35 + x. Is b a prime number?
False
Let f(y) = 74*y**2 + 3*y - 6. Let w be 15/4 + 8/32. Suppose w*v - 9*v = -15. Is f(v) composite?
True
Suppose -104 = 3*c - 428. Let q be (130/30)/(2/c). Let t = q + 77. Is t a composite number?
False
Let p(y) = 3*y**3 + 2*y**2 - 2*y + 5. Let v be p(-8). Let l = v + 2028. Is l a prime number?
True
Let l(i) = 95*i**2 - 23*i - 125. Is l(-6) composite?
False
Let l = 36 - 28. Let t(z) = 32*z**2 + 5. Is t(l) composite?
False
Let w = -156143 + 262708. Is w composite?
True
Let y(s) = s**3 + 9*s**2 - 4*s - 5. Let d = 0 - 5. Let t = d + -4. Is y(t) a prime number?
True
Suppose -3*h = 2*h + 270. Let i = 17 + h. Let g = 72 + i. Is g a prime number?
False
Suppose -5*v = 3*g - 8070, 2*v + 5378 = 2*g + 6*v. Suppose 3*m + 6 = 0, -5*m = 5*y - 0*m - g. Is y a prime number?
True
Let j be 24462/(-14) - (-14)/49. Let c = -1106 - j. Is c a prime number?
True
Let a = 18983 + -11700. Is a a composite number?
False
Is (-1)/((-2051)/(-343) - 6) a prime number?
False
Let o(k) = 3*k**2 - 5*k - 5. Let t be o(7). Suppose -p + t = -144. Is p a composite number?
False
Suppose 6*f - f = -3*c + 268, -308 = -3*c + 5*f. Let t = 273 - c. Is t a prime number?
False
Let u = 51 + -48. Suppose k = -5*g - 2*k + 748, 0 = u*k - 3. Is g a composite number?
False
Let g(x) = -2*x**3 + 2*x**2 + 3. Let r be g(2). Is r/10 + 3429/6 composite?
False
Suppose -5*c + 6128 = -141707. Is c prime?
True
Let t(o) = -298*o**2 + 6*o. Let m(s) = s. Suppose 27 = 4*v - 3*h + 6, 3*h + 9 = 2*v. Let z(n) = v*m(n) - t(n). Is z(-1) composite?
True
Is (88/(-308))/((-6)/1096221) a prime number?
True
Suppose 22*k - 21*k = 1338. Suppose -k = -7*l + 4*l. Is l composite?
True
Let m(q) = 12*q**3 + 9*q**2 - 7*q - 35. Is m(8) composite?
True
Let b(d) = 2344*d + 147. Is b(8) composite?
False
Suppose -5*i + 20 = 0, -3*z - 7 = -4*i + 12. Let s(p) = 10*p**2 - 1. Let q be s(z). Let b(v) = -v**2 + 12*v + 10. Is b(q) composite?
False
Let q = 16720 + -11844. Let t = -2795 + q. Is t a prime number?
True
Let y = -23 + 24. Let p be y*(0 - (13 - 3)). Is ((-879)/(-6))/((-5)/p) prime?
True
Let u(m) = m**3 + 11*m**2 - 5*m + 2. Let j be 3/(12/(-16)) + -6. Let f be u(j). Let h = f + 26. Is h composite?
True
Suppose 4*n - 409 = 23. Suppose 5*z - 2*a - 83 = 0, 5 = -5*a - 15. Let i = n - z. Is i composite?
True
Let w(p) = 219*p**2 + 35*p + 35. Is w(6) a prime number?
False
Let x(d) = -46*d - 2. Let r be x(1). Let i be (r/21 + 2)*-7. Suppose -194 = -i*a + 5*p, 4*a - 4*p = p + 388. Is a composite?
False
Let s = 13 + -3. Let n(u) = 3*u**3 - 4*u**2 - 4*u + 19. Is n(s) composite?
False
Let a = 77634 - 20867. Is a prime?
True
Suppose 39*g + 43345 = 805912. Is g composite?
False
Let j = -72377 + 116299. Is j composite?
True
Let x(g) = -2*g - 2. Let j be x(-3). Suppose 3*z - j = 47. Suppose -3*w + z + 24 = 2*l, 5*w + 49 = 2*l. Is l prime?
False
Let x = 8326 + -4072. Suppose 0 = 2*w - 5*n - 2112, -2*w - 2*w - 5*n = -x. Is w a prime number?
True
Let d = 51581 + -33568. Is d a composite number?
False
Suppose 2*s - 2119 = -3*s + 3*m, -4*m = -s + 434. Is s a composite number?
True
Suppose 0 = -c + 4*r + 38209, 5*c = -2*r + 288728 - 97639. Is c a prime number?
False
Let g be ((-7)/(-2))/((-20)/40). Let b(t) = -t**3 - 7*t**2 + 4. Let u be b(g). Suppose -2*z = -u*h + 478, 0 = -0*h + h + 2*z - 127. Is h a composite number?
True
Let h = -5 - -8. Suppose -56*l + 21768 = -44*l. Suppose -h*i + 5*i = l. Is i a prime number?
True
Suppose 0 = -13*j + 234279 + 226844. Is j prime?
False
Let t(w) = -603*w**3 + 2*w**2 + 4*w + 7. Is t(-2) composite?
False
Let g be -2 + (1 - 5) + 6. Suppose g*m - 236 = -2*m. Is m a composite number?
True
Suppose 11*a - 12 = 5*a. Suppose 0 = a*r - 2172 - 1798. Is r prime?
False
Let p(w) = -w**3 + 9*w**2 + w - 37. Let f be p(9). Let q(y) = y**3 + 31*y**2 + 9*y + 53. Is q(f) prime?
True
Is 2437/(34/(-153)*(-18)/4) composite?
False
Let k(d) = -d**3 - 11*d**2 + 14*d + 17. Let l be k(-12). Let r = l + 7. Suppose 6*h - h - 2*o - 335 = 0, r = -2*o + 10. Is h a prime number?
False
Let p be 37688/8 + 3 + 2. Is 3 + p/(-12)*(0 + -2) a prime number?
False
Let o(u) be the third derivative of u**8/10080 - u**7/5040 - u**5/20 + 6*u**2. Let h(k) be the third derivative of o(k). Is h(3) prime?
False
Let d = 10 - -13. Let r = d - 27. Let t(s) = 34*s**2 + 3*s - 6. Is t(r) a prime number?
False
Let t = -19 - -22. Suppose -t*m + 9 = 3*j, 0 = -2*m - j + 4*j - 4. Is 303/12 - m/4 a prime number?
False
Let x(n) = -n + 7 + 3*n + 4 + 2. Let m be x(-7). Let t(y) = -686*y**3 + 3*y + 2. Is t(m) composite?
True
Let h = 4674 + 1265. Is h prime?
True
Is 2/(5/5 - 3)*-23285 composite?
True
Let c be -2 - (2 + -1) - 4. Let o be (-93)/6 + (-2)/4. Let g = c - o. Is g a composite number?
True
Suppose 5716 - 566 = 5*w. Let n = w + -353. Is n a prime number?
True
Suppose 2*x - 12746 - 10008 = 0. Is x prime?
False
Suppose -168*u + 165*u = 12, -3*k = 5*u - 27067. Is k prime?
True
Let x(w) = -375*w - 20. Let q be 70/(-12) + 3/(-18). Let u be x(q). Is 2/6 - u/(-15) a prime number?
True
Suppose -3*t = 3*r - 0*t + 9, 4*t = 2*r + 12. Let y be (-278)/1*14/r. Suppose -7*q = -0*q - y. Is q composite?
False
Let c be (-10)/35 + 2136/28. Suppose 5*i = -2*m + c, m + 5*i - 35 = 4*i. Is m a composite number?
True
Let q(t) = 2249*t**2 - 8*t + 41. Is q(-6) a prime number?
False
Suppose 3*f - 4*q - 11721 = 0, -30*f + 4*q - 15628 = -34*f. Is f a prime number?
True
Suppose v - 2*v + 38 = 0. Suppose -4*a - v = -6. Let j = a + 27. Is j a prime number?
True
Let w(s) = -32*s + 6 - 62*s - 43*s. Let q be w(-6). Suppose q = 2*h + 194. Is h prime?
True
Let g(i) = 5*i**2 + 5*i - 2. Let k be g(1). Let w(m) = 2*m - 2. Let u be w(7). Is (-3)/u + 1770/k a composite number?
True
Suppose -4*x = -5*g + x + 1025, 4*g + 5*x = 820. Let v = 972 - g. Is v a composite number?
True
Let x be ((-1)/3)/((-2)/(-6)). Let p(k) = k**3 + 8*k**2 - 3*k + 1. Let q be p(-5). Is 3 + -3 - q/x a prime number?
False
Suppose 3*o = -3, 7*o + 4 = n + 4*o. Let p(b) be the first derivative of 126*b**3 - b**2/2 + 2*b + 1. Is p(n) prime?
True
Let q = 85075 - 8212. Is q a composite number?
True
Let v(z) = z**3 - 2*z**2 - 6*z + 6. Let i be v(3). Is 7/((-7)/i) + 1066 a composite number?
False
Let y = -379 + 609. Let f = 393 - y. Is f prime?
True
Suppose 2*g = -0 - 12. Let b = g + 8. Suppose u + 99 = b*u + 5*k, -336 = -4*u - 5*k. Is u a composite number?
False
Suppose -181966 = -18*a + 1341716. Is a composite?
False
Let j be -1*(-1 + -2 + 1). Let z be ((-6)/9)/(j/(-6)). Suppose -743 - z = -5*y. Is y prime?
True
Let t(z) = 43528*z - 15. Let r be t(6). Let f be r/(-54) - (-1)/6. Is f/(-16) - 6/(-8) a prime number?
False
Let c = -3965 - -12024. Is c prime?
True
Let d(i) = -4*i - 8. Suppose h + 5*n - 16 = -2*h, 2*n = -4*h - 2. Let j be d(h). Suppose j*k + 0 - 308 = 0. Is k prime?
False
Let q(f) = 1766*f**2 + 44*f - 7. Is q(11) prime?
True
Let o be -2 + -4*(-3)/6. Suppose -2*k + 3*k = o. Suppose k = -5*c + 545 + 530. Is c composite?
True
Is ((-3)/(-5))/(33/1742785) a composite number?
False
Suppose -v = 3*v -